 - 159. Let p be 2208/(-112) - (-2)/(-7). Calculate t(p).
21
Suppose p + 6*b = 4*b + 455, 0 = 3*p - b - 1330. Let w = -443 + p. Let g(o) = -2*o**2 - 2*o**3 + 2*o + 2*o**2. Give g(w).
-12
Let l(j) be the first derivative of -j**3/3 - 3*j + 24. Suppose -7*v + 20 = -12*v, -3*c - 5*v = 20. Calculate l(c).
-3
Let n(q) be the first derivative of -q**3/3 - 14*q**2 + 58*q + 175. Give n(-30).
-2
Let j(k) = -5*k - 42*k**2 + 0 + 2 + 39*k**2 + 3*k. Let c(v) = 2*v + 14. Let q be c(-6). Suppose 0 = -q*l - 0 - 4. Determine j(l).
-6
Let p(c) be the second derivative of -1/20*c**5 + 7/6*c**3 + 7/12*c**4 + 2*c + 65 - 4*c**2. Calculate p(8).
-16
Let o(g) = 4. Let d(y) = y - 28. Let f(k) = -d(k) - 5*o(k). Let z be 3 - (2/5 + 7/(-5)). What is f(z)?
4
Let l = -499 - -1313. Let b(i) = -l*i + 0*i**3 + 403*i - i**3 + 6 + 409*i + 6*i**2. Let f(q) = 4*q**2 + 1. Let t be f(1). Give b(t).
21
Let k(f) = f**2 + 13*f - 11*f + 41*f - 9*f**2 + 7*f**2 - 162. Calculate k(39).
-6
Let r(z) = 2*z**3 - 2 - 22*z - 3*z**2 + 13*z + 11*z. Suppose 0 = -5*f + k + 7, 0 = 2*f + 60*k - 64*k + 8. Calculate r(f).
6
Let i = -10 - -5. Let s(j) = -92*j - 3. Let r(w) = 30*w + 1. Let n(x) = -6*r(x) - 2*s(x). Determine n(i).
-20
Let h(p) = 11*p**2 - 39*p - 21. Let t(z) = 2*z**2 - 4*z + 1. Let b(n) = -h(n) + 6*t(n). What is b(-14)?
13
Let s(r) be the first derivative of 64 + r**2 - 1/3*r**3 + 7*r. What is s(3)?
4
Let y(c) be the third derivative of -c**6/120 + c**5/30 + c**3 + 7*c**2 + 13*c. Determine y(3).
-3
Suppose 28 = -4*x - 4*l, 5*x + 84 - 57 = -l. Let n(o) = -6*o - 8. Let i(k) = 5*k + 8. Let h(g) = -4*i(g) - 3*n(g). What is h(x)?
2
Let p(y) = 107*y - 18 - 192*y + 89*y. What is p(6)?
6
Let b be 82/(-14) + (20 - 21)*(-2)/(-14). Let m = -3 - 0. Let n(k) = -k**2 - 5*k - 1. Let p(t) = -t**2 - 5*t - 2. Let u(g) = m*p(g) + 4*n(g). What is u(b)?
-4
Let z = -45 + 48. Suppose -2*u = z*j + u - 24, 2*u = -5*j + 28. Let s(x) be the third derivative of x**5/30 - x**4/4 + 216*x**2 + 2. Give s(j).
8
Let q(g) be the first derivative of -3/2*g**2 - 2/3*g**3 - g - 1/4*g**4 + 65. Give q(-4).
43
Let g(y) be the first derivative of y**3/3 - 5*y**2 - 90*y - 1907. Determine g(-6).
6
Let q(z) = 11 + z - 13 - 7*z**2 - z**3 + 6*z. Let m(r) = -r**2 + 6*r. Let b be m(5). Suppose 0 = -2*j + 2*g - 10, -4*g + 10 = -b*j - 18. What is q(j)?
6
Let j(x) = -11*x**2 - 3*x - 7. Let w be (-14)/(-4)*48/28. Let k(y) = -5*y**2 - 2*y - 3. Let g(v) = w*j(v) - 13*k(v). Let h = 38 + -31. Calculate g(h).
4
Let c(o) = o**3 + 8*o**2 - 10*o - 13. Let s be c(-9). Let p = 3 - -54. Let b(u) = -16*u + 15*u + p - u**2 - 52. Determine b(s).
-7
Let z(b) = b. Let r be 6/(54/(-15)) + (-6)/(-9). Let m(o) = o + 1. Let n(f) = r*m(f) + 5*z(f). Give n(1).
3
Let g(p) = p**2 + 17*p + 11. Let s = -8585 - -8568. Determine g(s).
11
Let b = 721 + -723. Let j(r) be the first derivative of r**5/30 - r**4/24 + r**3/3 - 2. Let l(c) be the third derivative of j(c). Give l(b).
-9
Let m(t) = -13*t - 42. Let a(y) = -y**2 + 332*y - 6824. Let c be a(22). Calculate m(c).
10
Let m(o) = -27 - 63 + 6*o - 2 - 2*o + 33. Give m(14).
-3
Suppose -11*s = 3*x - 14*s - 3, -4*x + 2*s + 10 = 0. Suppose 0*f = -f + 7. Let d(v) = 0*v + f - v**2 - 2 + 5*v. Determine d(x).
9
Let x(c) = c - 33. Let r(h) = 16*h - 98. Let o(v) = r(v) - 5*x(v). Determine o(-8).
-21
Let k(t) = -4*t**2 + 2*t. Let i(s) = 116 + 11*s**2 - 6*s - 225 + 108. Let d(j) = 3*i(j) + 8*k(j). What is d(4)?
5
Suppose 45 = 6*i - 15*i. Let a(b) be the third derivative of -b**5/120 - b**4/4 + 17*b**3/6 + b**2. Let f(m) be the first derivative of a(m). Calculate f(i).
-1
Let i(w) = w**2 - 1. Let v(k) = k**2 + 2*k - 9*k**2 - 6 + 14. Let n = 21737 - 21743. Let h(l) = n*i(l) - v(l). Give h(2).
2
Suppose 3*s - p = 16, 0 = 4*p - 14 + 30. Let u(c) = 33*c - 9*c - 5*c - 9*c - s*c + 22. What is u(-4)?
-2
Let p(s) be the third derivative of s**4/8 + 13*s**3/6 + 5*s**2. Let r be (-1)/(-6)*-3*(27 + -11). What is p(r)?
-11
Let m(x) be the third derivative of x**6/120 + 2*x**5/15 - 668*x**2. Determine m(-8).
0
Let j = -1243 + 1265. Let t(s) = -s + 15. Calculate t(j).
-7
Let a(x) = x**2 + 12*x - 27. Let n be 4*(-1035)/300 - (12/(-15) + 0). What is a(n)?
-14
Suppose 5*b = -4*o + 17, -5*b = -b + 12. Let r(j) be the second derivative of -j**4/12 + 4*j**3/3 - 3*j**2 + 29*j - 4. Calculate r(o).
-6
Let u = 479 + -477. Let m(h) = 25*h - 41. Determine m(u).
9
Suppose 782*b = 812*b + 210. Let f(k) = 14*k + 97. Calculate f(b).
-1
Let p(l) = -13*l - 2. Suppose s - 5*f = 11, -2*s - 2*f + 78 = 80. What is p(s)?
-15
Let g(h) = -41*h**3 - 4*h - 4. Suppose 32*a + 428 = 396. Determine g(a).
41
Let r(a) = -2*a + 16. Let z = -1816 + 845. Let m = z + 980. Give r(m).
-2
Let o = 78 - 73. Suppose 2 = 4*l - 3*l. Let s(g) = -o*g**l + 7*g + 0*g**2 - g**2 + g**3 - 8 - 5*g. Calculate s(6).
4
Suppose 0 = 3*d - 5*f - 1 - 73, 3*f + 12 = 0. Suppose -3*q - d = -5*q. Let g(m) = 3*m + 0*m + 7 - 7 - q. Give g(6).
9
Suppose 18 = 59*k - 60*k + 4*d, 5*k + 4*d - 30 = 0. Let g(u) = u**2 - u**k + 12*u - u**2 - 10*u + 8 - 13*u. Determine g(-12).
-4
Let h(a) = -6*a**2 - a**3 + 0 - 2*a + 1 + 0. Suppose 4*z + 8*z = 7*z - 303 + 278. What is h(z)?
-14
Let n(t) = -64*t**3 - 5*t**2 + 21*t - 7. Let j(x) = 63*x**3 + 4*x**2 - 18*x + 6. Let o(m) = 8*j(m) + 7*n(m). Determine o(1).
55
Let t(k) be the first derivative of k**6/360 - k**5/15 - 31*k**3/3 + 29. Let c(h) be the third derivative of t(h). Let o = 12 - 4. Determine c(o).
0
Let d(q) be the first derivative of q**4/4 + 5*q**3/3 - q**2 + 14*q - 2191. Give d(-6).
-10
Let g be (-6)/3 - (12 + -19). Let m(f) = 2*f + 1. Let p(y) = -1. Let z(x) = m(x) - 6*p(x). What is z(g)?
17
Let a(p) = -p**2. Let l be a(-3). Let q(g) = 78*g - 1. Let d(j) = 118*j + 1. Let m(x) = -2*d(x) + 3*q(x). What is m(l)?
13
Let j(l) be the first derivative of -129*l**2 + 0*l + 62*l**2 + 68*l**2 + l - 222 + 26. Determine j(-7).
-13
Let v(k) = -30*k**3 - 26*k**3 + 55*k**3 + k - 5 + 5*k**2. Let g be ((-24)/(-18))/(2/(-6)). Let f be g + (3 - (-7 + 1)). Give v(f).
0
Let a(g) be the first derivative of g**4/4 - 4*g**3/3 + 5*g**2/2 - 12*g + 722. What is a(5)?
38
Let u(l) = -l**3 - 11*l**2 - 19*l - 11. Let o = -1492 - -1485. Determine u(o).
-74
Suppose 0 = 23*o - 27*o - 2*t + 66, -2*o + 4*t = -48. Let j(v) = -v**2 + 18*v + 4. Calculate j(o).
4
Let y be (-28)/6*(-13)/((-455)/(-120)). Let z(x) = -x**3 + 17*x**2 - 19*x + 19. Give z(y).
-29
Let p(z) = 77*z**3 - 29 + 4*z**2 - 5*z + 34 - 33*z**3 - 43*z**3. What is p(-5)?
5
Let r(z) = z**3 + z**2 - z - 2. Let t(c) = -c**3 - 8*c**2 + 7*c - 2. Let p(i) = 2*r(i) + t(i). Calculate p(4).
-18
Let u(a) = -a**2 + 8*a - 10. Suppose 9*g - 12 = -174. Let v be (-3)/(g/(-42)) + 4 + 11. Calculate u(v).
-10
Let y(q) = -146*q**2 + 15*q + 86. Let x(a) = -29*a**2 - a + 1. Let f(k) = -5*x(k) + y(k). Calculate f(24).
-15
Let d(p) = -p**2 + 10*p + 12. Let h be 1800/(-400)*16/(-6). What is d(h)?
-12
Let s be (-5 + 8)*(-1 - -2). Let i(x) = -2*x - x + s*x - 13 - 2*x. Let y be i(-3). Let q(p) = -p**3 - 8*p**2 - 7*p + 2. Calculate q(y).
2
Let v(a) = -a**3 + 8*a**2 - 12*a + 19. Let l(y) = -y**3 + 24*y**2 + 30*y - 119. Let k be l(25). Give v(k).
19
Let f(r) = -r**2 + 2*r + 3. Let c = -3411 - -3416. What is f(c)?
-12
Let p = 13186 + -13187. Let x(b) = -54*b**3 - 2*b - 2. Calculate x(p).
54
Suppose 0 = 5*n - 5, t + n + 2*n - 6 = 0. Suppose -4 = -t*l + 2. Let x(p) = -8*p**l + 1 + 3 - 4 - 1. Calculate x(-1).
-9
Let p(y) = -3*y - 3. Let z(q) = -q. Let x(i) = -3*p(i) + 12*z(i). Let a(g) = 2 + 8 + 4 - 51 + 16*g + 9 + g**2. Let d be a(-18). What is x(d)?
-15
Let l(b) = -35*b - 14. Let x(p) = -27*p - 12. Let k(r) = -3*l(r) + 4*x(r). Determine k(8).
-30
Let u be (-686)/21*126/(-6) - -6. Let z = 685 - u. Let b(y) = y**3 + 8*y**2 + 8*y + 1. Give b(z).
-6
Let s(p) = -9*p + 4*p**2 + 8 + p**2 - 4*p**2. Let g = -12115 + 12124. Calculate s(g).
8
Let q(h) = -h**3 - 2*h**2 + 2*h + 9. Let p be q(-2). Suppose 25 = p*a, 3*l - 2*l - 27 = -5*a. Let j(b) = b - 6*b + b**3 + 3*b**2 + 2*b. Give j(l).
14
Let b(w) = w + 7. Let a be (14/42)/(2/18). Suppose 2 = -2*f - 4*q, a*f + 3*q - 30 = 5*f. Calculate b(f).
-2
Let t be ((-15)/(-39))/((-8)/130*1140/(-912)). Let h(v) = -2 + 0*v**3 - v**3 - 2*v**2 + 7*v**2. Give h(t).
-2
Let q(w) = -3 - 3 - 7*w**2 + 0*w**2 - w**3. Let k be 27573/(-3913) - (11 - (